en 757 is divided by 34.
9
What is the remainder when 31 is divided by 8?
7
Calculate the remainder when 63 is divided by 20.
3
What is the remainder when 9018 is divided by 11?
9
What is the remainder when 27 is divided by 8?
3
Calculate the remainder when 1325 is divided by 17.
16
Calculate the remainder when 1177 is divided by 59.
56
Calculate the remainder when 771 is divided by 155.
151
What is the remainder when 25546 is divided by 50?
46
What is the remainder when 405 is divided by 110?
75
What is the remainder when 178 is divided by 45?
43
Calculate the remainder when 283 is divided by 22.
19
Calculate the remainder when 359 is divided by 92.
83
Calculate the remainder when 97 is divided by 50.
47
What is the remainder when 848 is divided by 398?
52
What is the remainder when 4236 is divided by 284?
260
Calculate the remainder when 404 is divided by 59.
50
Calculate the remainder when 157 is divided by 20.
17
What is the remainder when 328 is divided by 85?
73
What is the remainder when 34 is divided by 10?
4
Calculate the remainder when 522 is divided by 517.
5
What is the remainder when 431 is divided by 54?
53
What is the remainder when 680 is divided by 227?
226
What is the remainder when 237 is divided by 17?
16
What is the remainder when 113 is divided by 36?
5
Calculate the remainder when 2434 is divided by 809.
7
What is the remainder when 871 is divided by 125?
121
What is the remainder when 54 is divided by 45?
9
Calculate the remainder when 1187 is divided by 302.
281
What is the remainder when 111 is divided by 19?
16
What is the remainder when 1758 is divided by 16?
14
Calculate the remainder when 84 is divided by 44.
40
Calculate the remainder when 6258 is divided by 101.
97
What is the remainder when 94 is divided by 24?
22
Calculate the remainder when 257 is divided by 49.
12
Calculate the remainder when 3370 is divided by 14.
10
What is the remainder when 132 is divided by 19?
18
What is the remainder when 682 is divided by 94?
24
Calculate the remainder when 4349 is divided by 395.
4
Calculate the remainder when 569 is divided by 187.
8
Calculate the remainder when 373 is divided by 27.
22
Calculate the remainder when 314 is divided by 31.
4
Calculate the remainder when 549 is divided by 280.
269
What is the remainder when 110 is divided by 37?
36
What is the remainder when 799 is divided by 16?
15
Calculate the remainder when 3897 is divided by 15.
12
Calculate the remainder when 1372 is divided by 115.
107
What is the remainder when 2590 is divided by 861?
7
What is the remainder when 179 is divided by 21?
11
What is the remainder when 674 is divided by 19?
9
What is the remainder when 120 is divided by 3?
0
Calculate the remainder when 22 is divided by 19.
3
What is the remainder when 140 is divided by 19?
7
Calculate the remainder when 3493 is divided by 387.
10
What is the remainder when 104 is divided by 55?
49
What is the remainder when 191 is divided by 51?
38
Calculate the remainder when 435 is divided by 8.
3
Calculate the remainder when 170 is divided by 59.
52
Calculate the remainder when 1191 is divided by 372.
75
Calculate the remainder when 47 is divided by 27.
20
What is the remainder when 115 is divided by 14?
3
Calculate the remainder when 35 is divided by 25.
10
Calculate the remainder when 382 is divided by 108.
58
Calculate the remainder when 1055 is divided by 88.
87
What is the remainder when 924 is divided by 233?
225
Calculate the remainder when 228 is divided by 46.
44
What is the remainder when 5723 is divided by 54?
53
What is the remainder when 628 is divided by 82?
54
What is the remainder when 91 is divided by 25?
16
What is the remainder when 213 is divided by 89?
35
What is the remainder when 91 is divided by 5?
1
What is the remainder when 7424 is divided by 3707?
10
Calculate the remainder when 114 is divided by 17.
12
Calculate the remainder when 1141 is divided by 365.
46
What is the remainder when 2993 is divided by 28?
25
What is the remainder when 545 is divided by 36?
5
Calculate the remainder when 248 is divided by 90.
68
Calculate the remainder when 396 is divided by 38.
16
What is the remainder when 11737 is divided by 13?
11
What is the remainder when 210 is divided by 121?
89
Calculate the remainder when 8954 is divided by 16.
10
What is the remainder when 791 is divided by 12?
11
What is the remainder when 8007 is divided by 2662?
21
Calculate the remainder when 345 is divided by 5.
0
What is the remainder when 2063 is divided by 425?
363
Calculate the remainder when 3623 is divided by 110.
103
Calculate the remainder when 3738 is divided by 197.
192
Calculate the remainder when 61 is divided by 13.
9
Calculate the remainder when 249 is divided by 84.
81
What is the remainder when 4748 is divided by 26?
16
Calculate the remainder when 129 is divided by 92.
37
What is the remainder when 648 is divided by 148?
56
Calculate the remainder when 1067 is divided by 35.
17
What is the remainder when 989 is divided by 55?
54
Calculate the remainder when 760 is divided by 85.
80
What is the remainder when 4979 is divided by 131?
1
What is the remainder when 4291 is divided by 476?
7
Calculate the remainder when 184 is divided by 43.
12
What is the remainder when 940 is divided by 187?
5
Calculate the remainder when 737 is divided by 244.
5
What is the remainder when 4808 is divided by 17?
14
What is the remainder when 214 is divided by 34?
10
What is the remainder when 488 is divided by 97?
3
What is the remainder when 184 is divided by 93?
91
What is the remainder when 216 is divided by 46?
32
What is the remainder when 455 is divided by 14?
7
What is the remainder when 422 is divided by 6?
2
Calculate the remainder when 251 is divided by 12.
11
Calculate the remainder when 2857 is divided by 20.
17
What is the remainder when 1748 is divided by 24?
20
What is the remainder when 103 is divided by 69?
34
Calculate the remainder when 351 is divided by 350.
1
Calculate the remainder when 124 is divided by 18.
16
What is the remainder when 1015 is divided by 176?
135
Calculate the remainder when 311 is divided by 77.
3
What is the remainder when 1176 is divided by 37?
29
What is the remainder when 255 is divided by 43?
40
Calculate the remainder when 139 is divided by 22.
7
Calculate the remainder when 1227 is divided by 8.
3
What is the remainder when 301 is divided by 98?
7
What is the remainder when 35 is divided by 12?
11
What is the remainder when 286 is divided by 147?
139
Calculate the remainder when 3913 is divided by 32.
9
What is the remainder when 6234 is divided by 39?
33
What is the remainder when 4402 is divided by 152?
146
Calculate the remainder when 125 is divided by 30.
5
What is the remainder when 40 is divided by 6?
4
Calculate the remainder when 172 is divided by 44.
40
Calculate the remainder when 37 is divided by 24.
13
What is the remainder when 411 is divided by 30?
21
What is the remainder when 139 is divided by 73?
66
What is the remainder when 898 is divided by 90?
88
Calculate the remainder when 1148 is divided by 115.
113
What is the remainder when 15099 is divided by 57?
51
Calculate the remainder when 1724 is divided by 124.
112
Calculate the remainder when 132 is divided by 3.
0
Calculate the remainder when 374 is divided by 47.
45
Calculate the remainder when 197 is divided by 129.
68
Calculate the remainder when 1723 is divided by 72.
67
Calculate the remainder when 372 is divided by 54.
48
Calculate the remainder when 223 is divided by 38.
33
What is the remainder when 1022 is divided by 31?
30
Calculate the remainder when 567 is divided by 282.
3
Calculate the remainder when 622 is divided by 82.
48
What is the remainder when 825 is divided by 12?
9
What is the remainder when 358 is divided by 116?
10
Calculate the remainder when 98 is divided by 44.
10
What is the remainder when 568 is divided by 143?
139
Calculate the remainder when 33146 is divided by 50.
46
What is the remainder when 111 is divided by 33?
12
What is the remainder when 5235 is divided by 276?
267
What is the remainder when 59 is divided by 38?
21
Calculate the remainder when 486 is divided by 39.
18
What is the remainder when 326 is divided by 79?
10
Calculate the remainder 